*c - 6 = -4*r - c. List the prime factors of (-6 + -87)*r/(-4 + 1).
3, 31
What are the prime factors of ((-189)/(-21 - -12))/((-2)/(-60))?
2, 3, 5, 7
Let n be ((-282)/8)/((-27)/72). Let a = n - 24. List the prime factors of a.
2, 5, 7
Suppose 3*f - 3 = -6. Let u be 30 + (-4)/(f - -2). Let z = -5 + u. What are the prime factors of z?
3, 7
Let w be (-5)/(-2)*44/55. Suppose -4*m - 128 = -w*t, -5*t + m = -6*t + 76. What are the prime factors of t?
2, 3
Suppose -3*g = -4*g + 2. Let b be (220 + -1)*12/18. Suppose -3*s + 5*m + 260 = g*s, 5*m = 3*s - b. What are the prime factors of s?
3, 19
Let s(i) = i**3 - 12*i**2 - 42*i + 1. What are the prime factors of s(18)?
29, 41
Let f = 9569 - 6767. What are the prime factors of f?
2, 3, 467
Suppose -2*i + 228 + 160 = 0. List the prime factors of i.
2, 97
Let q = -2390 - -4314. List the prime factors of q.
2, 13, 37
Let k(l) be the third derivative of -l**6/120 + l**5/3 + l**4/3 + 2*l**3 - 45*l**2. What are the prime factors of k(20)?
2, 43
Let o = 159 + -154. Suppose 258 = 2*a - 4*u, -a = -o*a - 5*u + 477. What are the prime factors of a?
3, 41
Let q(b) = 2*b**3 - 8*b**2 + 23*b - 36. Let g(n) = 3*n**3 - 12*n**2 + 34*n - 54. Let r(h) = 5*g(h) - 7*q(h). List the prime factors of r(7).
2, 3
Let g be ((-2 - -1) + 1)/(-1). Suppose 2*r - 4*d = -g*r, -10 = 4*r - 3*d. What are the prime factors of (-46)/(-4) - 2/r?
2, 3
Suppose -11*g = -13*g - 4, -3*u + g + 2366 = 0. What are the prime factors of u?
2, 197
Let m be (-259)/(-7) + (-1 - 1). Suppose -m = 3*h - 182. What are the prime factors of h?
7
Suppose -2*a + p = a - 88, -118 = -3*a - 5*p. Let b be 6/12 + 5/2. Suppose g = 2*x - a, 3*x - 65 = -x + b*g. What are the prime factors of x?
2, 7
Suppose -3*v - 2*n = -2, 4*v - 5*v - 21 = 5*n. Suppose -5*g = -v*g - 18. Let h = g + 3. List the prime factors of h.
3, 7
Let h be (-1 - -5)/(5 + -3). Suppose 5*n - 992 = 3*g, h*g = -n - 0*g + 188. What are the prime factors of n?
2, 7
Let p(g) = 14 - 10 - 7*g**2 + g**3 + 4 + g. Let r be p(7). Suppose 2*f + y - 171 = 0, -225 = -3*f + 4*y + r. What are the prime factors of f?
2, 3, 7
Let k(b) = 2*b + 17. Let v be k(-5). Suppose 3*d = v*d - 376. What are the prime factors of d?
2, 47
Let c = 354 + 868. List the prime factors of c.
2, 13, 47
Let l(r) = 15*r**2 + 13*r - 73. What are the prime factors of l(6)?
5, 109
Let g be 1*4*6/8. Suppose g*f = -2*f. What are the prime factors of (30 + 2 + f)*1?
2
Let o be (2 + -4)/(-2)*3. Suppose 6*d = o*d + 405. List the prime factors of d.
3, 5
Let q = 24 + -22. Suppose 2*c + 24 + 34 = -q*u, -3*u - 2*c = 87. Let a = u - -71. What are the prime factors of a?
2, 3, 7
Let z = -34 - -44. Suppose z = 3*b - 38. What are the prime factors of b?
2
Let y = -135 + 1686. What are the prime factors of y?
3, 11, 47
Let o(v) = 4*v**3 - 8*v**2 + 19*v - 7. What are the prime factors of o(6)?
683
Suppose 8*l = 3*l + 25. Suppose r - 1 = 2*a - 0, 4*a = l*r - 17. List the prime factors of a/((-176)/92 + 2).
23
Suppose 2*i = 3*s - 8, -s - 4*s - i = -9. Suppose -s*u = 3*z - 2*z - 124, 3*u = 5*z - 581. What are the prime factors of z?
2, 59
Suppose -147 = 4*l + 137. Let o = 129 + l. List the prime factors of o.
2, 29
What are the prime factors of 6*(-1 - (-1698)/36)?
277
Let r be 8/68 + 1065/51. List the prime factors of (-336)/(-12)*r/4.
3, 7
Suppose -2172 = -13*h - 53. List the prime factors of h.
163
Let s = 10 + -9. Let n = s + 6. Suppose 0 = c - 28 + n. List the prime factors of c.
3, 7
Suppose -324 = -8*b + 5*b. Let q = b - 4. Let r = 155 - q. List the prime factors of r.
3, 17
Suppose 0 = -3*y + 3*k + 393, -385 = -3*y - k + 2*k. What are the prime factors of y?
127
Let j(w) = 62*w**2 + 10*w + 43. What are the prime factors of j(-3)?
571
What are the prime factors of -15*(5 - (-633)/9)*-1?
2, 5, 113
Let w be ((-8)/(-2))/(3 - 1). Suppose -3*n + 36 = -2*z + 7, w*z - 2*n = -24. Let c(m) = m**3 + 8*m**2 + 7*m + 3. What are the prime factors of c(z)?
3
Let f = -2 + 5. Let b be 4/(-18) - (-3 + 200/72). Suppose 3*w = -9, f*k - w - 123 = -b*w. List the prime factors of k.
2, 5
Suppose -g + 238 = 5*z, 2*g = -3*g + 4*z + 1306. What are the prime factors of g?
2, 3, 43
Suppose 0 = j - 3 - 4. Suppose 0 = -2*q - f - 1 + j, -4*q + 5*f + 12 = 0. Suppose -g = -q - 3. What are the prime factors of g?
2, 3
Let w(f) = 5*f**3 - 24*f**2 - 3*f + 15. Let g(o) = -2*o**3 + 12*o**2 + 2*o - 7. Let m(z) = 7*g(z) + 3*w(z). List the prime factors of m(-10).
2, 73
Let u = -153 + 21. Let n be u/(-2) - 9/(-3). Let f = -40 + n. What are the prime factors of f?
29
Suppose -3018 = 14*j - 9612. What are the prime factors of j?
3, 157
Let k(j) = -j**2 + 10*j + 3. Let m(c) = -c. Let d = -17 - -11. Let q be m(d). List the prime factors of k(q).
3
Let p(s) = 11*s + 2. Let o be p(-2). Let y be (-12)/((-36)/o + -2). Let a = 103 - y. List the prime factors of a.
43
Suppose 5*k - 25 = -i, -2*i = -i - 2*k - 4. Suppose -5 = -3*c + 4. Let o = i - c. What are the prime factors of o?
7
Suppose -4*t + 20 = t, -3*t - 258 = -2*d. What are the prime factors of d?
3, 5
Let w(r) be the second derivative of r**4/2 - r**2/2 + 3*r. Let s be w(-1). Suppose -4*y + 2*y = s*z, 21 = 5*y + 2*z. What are the prime factors of y?
5
List the prime factors of 2637 + 216/(-189)*7/(-2).
19, 139
Suppose -2*p = 3*t - 3, -6*p + 5*p + 4 = -t. Suppose -3*d = 5*c - p + 8, d = -c - 1. Suppose d*l - 90 = -3*l. List the prime factors of l.
2, 3, 5
Let x = 5 - 1. Suppose -6*i + 1406 = -i + x*c, -5*i = -4*c - 1414. List the prime factors of i/5 - 6/15.
2, 7
Suppose 0 = -4*x - 4*n - 12 - 4, -2*x + n = -1. Let z be x + 3 + -4 + 4. Suppose -2 = -z*v + 14. What are the prime factors of v?
2
Suppose -1 - 5 = -n. Let j(m) = 4*m - 2*m + 5*m + 1 - 3 + 8. List the prime factors of j(n).
2, 3
Let b = 320 - -1506. What are the prime factors of b?
2, 11, 83
Let l(s) = -169*s**3 - s**2 + 2*s + 2. Let m be l(-1). Let r = m + -102. List the prime factors of r.
2, 3, 11
Let n = 2940 + -2328. What are the prime factors of n?
2, 3, 17
List the prime factors of 7098/10 + -10*(-6)/300.
2, 5, 71
Suppose -1 - 28 = 5*b + i, i + 4 = 0. Let p(v) = -3 + 0*v**2 - 1186*v + 1180*v + 0*v**2 - v**2. What are the prime factors of p(b)?
2
Suppose -4*l + 15 = -l. Suppose l*i - 68 = 47. What are the prime factors of i?
23
Suppose -22*y + 183 = -21*y + k, -y + 4*k + 203 = 0. List the prime factors of y.
11, 17
Let t be 3/(-6) + (-1)/2. Suppose -3*p - 31 = -5*a, 2*p = 3*a - a - 14. List the prime factors of (-96 - t)*(-2)/a.
2, 19
Let v(x) = 2*x**2 + 83*x - 163. What are the prime factors of v(-59)?
2, 3, 317
Suppose r + 0 - 10 = -5*l, 5*r - 6 = -3*l. Suppose -2*b + 160 = -4*f + l*f, -88 = -b - 3*f. Let v = b - 47. What are the prime factors of v?
5, 7
Let z = 407 + -6. Suppose -2*j = -3*h + z, h + 53 = 2*j + 180. List the prime factors of h.
137
Suppose 3*n + 0*n - 2*i - 533 = 0, 0 = -n + 2*i + 179. What are the prime factors of n?
3, 59
Let s = 36 + -8. Let n(i) = -6*i + s + 10*i - 3*i + 0*i. List the prime factors of n(0).
2, 7
Suppose -5*p + 4*x = -0*x - 17, 2 = -p - x. List the prime factors of (-2)/(p/(-71)*2).
71
Suppose -s + 923 + 342 = -3*p, s = 5*p + 1267. What are the prime factors of s?
2, 631
Suppose 527*d - 509*d = 15696. What are the prime factors of d?
2, 109
Let t be 272/15 + 10/(-75). Suppose -14*o - 188 = -t*o. What are the prime factors of o?
47
Suppose 21 = 4*h - b + 8, 3*h + 3*b = 21. Suppose 0*d + d - 20 = 2*j, 72 = 4*d - h*j. Let n = d - 6. List the prime factors of n.
2, 5
Let y = -79 + 185. Suppose 4*r = t + 3*t + 128, 0 = -3*r + t + y. What are the prime factors of r?
37
Let h(v) = v**3 - 12*v**2 - 3*v + 90. What are the prime factors of h(17)?
2, 7, 53
Suppose 0 = -5*i - 5*q + 25, 4*q = -3*i + 7*i + 12. Let c be -4 + (-1 - 7)*i. Let r = c - -71. What are the prime factors of r?
59
Suppose -4*w = 2576 - 11056. List the prime factors of w.
2, 5, 53
Let y(z) = -z**3 + 5*z**2 - 3*z - 2. Let c be y(4). Suppose 4*x - 2*s - 234 = 0, -4*x + 90 = -3*s - 147. Suppose x - 11 = c*i. What are the prime factors of i?
23
Let w = 286 - -734. List the prime factors of w.
2, 3, 5, 17
Suppose 11504 = 20*a - 4*a. What are the prime factors of a?
719
Suppose 10 = 11*g - 9*g. Suppose -2*z - 5*k - 7 = -76, 5*z + g*k = 150. List the prime factors of z.
3
Let g(r) = -10